t is the hundreds digit of 8/2*(u - -2) - -202?
2
Suppose n + 5*g = -24 + 6, g = 2*n - 8. What is the units digit of (n - 37)*(2 - 4)?
0
Let n = 16 - 11. Let i(o) = 14*o - n*o - 11*o + 1. What is the units digit of i(-1)?
3
Let c(j) = -3*j**3 + 3*j**2 + 2*j. Let g be c(-1). Let p be g*-2*(-4)/32. What is the tens digit of (1 - 4)*p + 31?
2
Let o = -7 + 7. Suppose -3*i = -o*i - 81. Let q = i + -4. What is the tens digit of q?
2
Suppose j - 286 = 3*h, -1112 = -4*j + 9*h - 5*h. What is the hundreds digit of j?
2
Let f(k) = -2*k - 12. Let i be f(-5). What is the units digit of 26 - (1 - (i - -9) - -3)?
9
Let w be (-2)/(-3) + 16/(-24). What is the tens digit of (-2)/(w - (-4)/156*-3)?
2
Let p be -1 + 1/2*10. Suppose 1 - p = -5*f - 4*d, 2*d = 3*f - 15. Suppose -18 = k + 5*s, 2*k = k + f*s + 22. What is the units digit of k?
7
Suppose 5*c - 1127 = -4*q + 788, -c = q - 479. What is the units digit of q?
0
Suppose 2*k - 197 = 3*j, -4*j - 21 + 9 = 0. What is the tens digit of k?
9
Let w(i) = -252*i - 640. What is the hundreds digit of w(-15)?
1
Suppose -4*d + 65 = -5*d. Let n be 4/((50/d)/(-5)). Let l = -20 + n. What is the units digit of l?
6
Let l = -24 + 26. What is the tens digit of ((-341)/(-33))/(l/6)?
3
Suppose -1 = j, -2*o = -3*o + j + 237. What is the hundreds digit of o?
2
What is the units digit of 3/(-15) + (13884/20 - -4)?
8
What is the hundreds digit of (-1)/(-1)*(22 - 13286/(-13))?
0
Suppose -12 = 2*u - 4*n, u - 3*n = 1 - 10. Suppose -t + u*c + 4*c + 47 = 0, -9 = -3*c. What is the units digit of t?
9
Suppose -a + 0*a + 7 = 0. Let g(h) = h - 6. What is the units digit of g(a)?
1
Let h be 4*(-1)/(-10)*-25. Let i = h - -12. Suppose 5*x + 0*f + 3*f = 217, 4*f = -i*x + 98. What is the units digit of x?
1
Let k = 10 + -20. Let s be (4/8)/((-1)/k). Suppose 3*l = -2*u + 57, 4*l - s = -l. What is the tens digit of u?
2
Let w(b) = -b**3 + 12*b + 10*b**2 + 2 - 5*b - 5*b**2 - 1. Let l be w(5). What is the units digit of 7/2 + 54/l?
5
Suppose 14*i = i + 11518. What is the units digit of i?
6
Suppose -4*v - 5*r = -9891, v - 4*r = 911 + 1546. What is the hundreds digit of v?
4
Let w = -44 - -60. Let a = w - -4. What is the tens digit of a?
2
Let q(x) = x**3 + 4*x**2 - 5*x - 3. Let y be q(-5). Let h be 10/3*y/(-2). Suppose -25 = -t - m, -t + 115 = 4*t - h*m. What is the units digit of t?
4
Let v = 3 - 0. Let s(i) = -i - 4. Let y be s(v). Let j = 46 + y. What is the tens digit of j?
3
Suppose 0 = -0*h - 2*h + 820. Suppose 15 = 3*d, -6*j + j - 4*d + h = 0. What is the tens digit of j?
7
Suppose 16*c - 14*c - 9926 = -5*l, 2 = -l. What is the thousands digit of c?
4
Suppose -13*o + 290 = -3*o. Suppose -p + 145 = o. What is the hundreds digit of p?
1
Let u = 33 + 112. What is the units digit of u?
5
Let o be (-9)/(-6)*(-8)/(-6). Suppose -o = -2*f + 16. Suppose 2*p - 23 = f. What is the tens digit of p?
1
Suppose -110 = 5*h + 5*z, h - z = -3*z - 25. Let l be 4/(-8) + h/(-2). Let c = l - -5. What is the tens digit of c?
1
Let m(o) = o**2 - 6*o + 4. Let l be m(4). Let h(t) = 2*t**2 + t + 4. What is the tens digit of h(l)?
3
Let t(w) = 2*w**3 + 5*w**2 - 13*w + 6. What is the tens digit of t(4)?
6
Let q be 2/(-11) - (2/(-11) - 0). Let h(u) = -2*u**2 + 2*u + 18. What is the tens digit of h(q)?
1
Let w(v) = -2*v + 41. Let h be w(19). Suppose h*y = 12*y - 117. What is the units digit of y?
3
Let g(h) = h**3 + 12 - h + 4*h**2 - 4*h**2 - 8. Let d be g(0). What is the tens digit of (4 - -8) + d + -2?
1
Let o = -1479 + 3506. Suppose 7*v = -627 + o. What is the tens digit of v?
0
Let p(o) = -2*o**2 - 6*o - 1. Let l be p(-4). Let u be 3/6*9612/l. What is the units digit of u/(-27) + (-8)/(-36)?
0
Suppose 7296 = 14*t - 4352. What is the units digit of t?
2
Let i(y) be the second derivative of y**5/20 - 2*y**4/3 - 2*y**3/3 - 15*y**2/2 + y. Let z be ((-6)/5)/((-8)/60). What is the tens digit of i(z)?
3
Let z be 7/14 - 9/(-2). Suppose 0 = -z*m + 2*m. Let h(r) = r**2 + 30. What is the tens digit of h(m)?
3
Suppose -14*w + 1429 = -1357. What is the hundreds digit of w?
1
Let q(w) = 46*w**2 + 3*w - 1. Let s be q(2). Let h = -103 + s. What is the units digit of h?
6
Suppose 0 = y, -3*j - y = 6 - 18. Suppose 5 = 4*a - 3*n - 73, -98 = -5*a + j*n. Suppose 2*x - 32 - a = 0. What is the tens digit of x?
2
Let g be 78/36 - 2/12. Let u be 64/2 + g + 2. Let b = u - 18. What is the tens digit of b?
1
Suppose -25 = -13*f + 8*f. Let i(a) = 59*a - 10. What is the tens digit of i(f)?
8
Suppose -2*r - 4*g - 128 = 0, 3*g + 0 = -12. What is the units digit of (-1395)/(-21) + 24/r?
6
Let d = 1168 + -643. What is the hundreds digit of d?
5
Suppose 577 = 3*w - n, -3*w + 5*n + 97 = -496. What is the hundreds digit of w?
1
Suppose 0*v + 28 = 2*v. Let t = -13 - -7. What is the tens digit of t/(38/v - 3)?
2
Let d(p) = -22*p**3 + p**2 + 2. Let z(t) = t**2 - 24*t - 27. Let y be z(25). What is the hundreds digit of d(y)?
1
Suppose 0 = 54*w - 56*w + 8. Suppose -132 = -4*l - 2*f, -w*f - 20 = f. What is the units digit of l?
5
Suppose -4*v = 8, -i + 2 = v - 1. Suppose 6 = -i*b + 16. Suppose b*p - 104 = -p - 4*x, 0 = -p - x + 34. What is the tens digit of p?
3
Suppose 3*w - 2 = 2*w. Suppose -26 = w*y + 4*m - 270, -237 = -2*y + 3*m. What is the hundreds digit of y?
1
Let g(p) = -3*p**2 + 34. What is the tens digit of g(0)?
3
Let l(t) be the third derivative of t**4/24 + 23*t**3/6 + 3*t**2 + 12*t. Let g be 2*(-1 + (-14)/4). What is the tens digit of l(g)?
1
Let q be 64/10 - 16/40. Let c(f) = -q*f - 9 - 2*f**3 - 2*f**2 - f**3 + 11*f**2 + 2*f**3. What is the units digit of c(8)?
7
Let q = -389 - -1344. What is the hundreds digit of q?
9
Let a(g) = g**2 + 3*g + 11. Let w be a(5). Let j = -42 + w. What is the units digit of j?
9
What is the tens digit of (3240/(-7))/(-1) + (-6)/(-42)?
6
Let z be 3*38/(-21) + 4/(-7). Let a = 158 - z. What is the tens digit of a?
6
What is the tens digit of (-9 - -3 - -17)*49?
3
Suppose 4*k - 4*v + 0 = 12, -k + 2*v + 8 = 0. Let h(p) = -12*p**3 - 3*p**2 - 2*p - 2. What is the units digit of h(k)?
6
Let k(n) = n**3 - 12*n**2 + 7*n - 5. Let v be k(11). Let x = 26 + v. Let i = 34 + x. What is the units digit of i?
1
Let h be 2/(-3)*36/24. Let i(z) = 98*z**2 - 3*z - 4. What is the units digit of i(h)?
7
Suppose 3*o - 6594 = 3*v, -4*o + v + 1964 + 6819 = 0. What is the tens digit of o?
9
Let h = 419 - -104. What is the tens digit of h?
2
Suppose 2*i = -0*i - 30. Let p = -135 + 139. What is the units digit of (-18)/p*10/i?
3
Suppose w + 52 = -17. Let s = w + 166. What is the tens digit of s?
9
Let u = 12 - -53. Let g be (5/(-10))/((-1)/8). Suppose -g*v + u = v. What is the tens digit of v?
1
Suppose 0 = -33*u + 36*u - 3849. What is the thousands digit of u?
1
Let b = 37 + 87. Suppose -3*z = -5*z + b. What is the units digit of z?
2
Let s = 317 + -197. Suppose 4*z + 116 = -s. Let k = -28 - z. What is the units digit of k?
1
Suppose -36*k + 29*k + 6916 = 0. What is the hundreds digit of k?
9
What is the hundreds digit of -194*(1 + -7 + (5 - 1))?
3
Suppose 20 = 3*i + 2*i, -219 = -m + 2*i. Let y = m - 134. What is the units digit of y?
3
Suppose 16*i - 42 - 70 = 0. What is the units digit of (-5 + i)*20 + 0?
0
Suppose 141 = k - 3*w, -353 = -3*k - 5*w - 0*w. What is the hundreds digit of k?
1
Suppose -11*v = 11*v - 2882. What is the tens digit of v?
3
Let u(f) = 164*f - 34. Let b be u(5). What is the units digit of b/4 - 8/16?
6
Suppose 182 + 10 = -4*a. Let v = 113 + a. Let u = 92 - v. What is the tens digit of u?
2
Suppose -16 = v - 2*f, 4*v - 4*f + 69 = 21. Let x = -8 - v. Suppose t - 4*l - 18 = x, -t - 2*l - 34 = -4*t. What is the units digit of t?
0
Let g(f) = f**2 - 15*f + 32. Let h be g(12). Let m be (-2 + 21/6)*-2. What is the tens digit of (118/(-6) - h)*m?
4
Suppose -5*v = 2*q - 1, 2*q - 14 = -q + 5*v. Suppose q*x - 180 = 5*i, x + i - 43 = 17. Suppose 0 = 2*o - 6*o + x. What is the units digit of o?
5
Let j(c) = 10*c**2 - c + 4. Let s(u) = -19*u**2 + u - 7. Let y(w) = 7*j(w) + 3*s(w). What is the hundreds digit of y(3)?
1
Let j be 15*(20/24)/5*8. Let r = j + 93. What is the hundreds digit of r?
1
Let m(q) = q**2 + q - 9. Suppose 3*n - 5 = -32. What is the tens digit of m(n)?
6
Let q(g) = -7*g - 16. Let a(k) = -6*k - 17. Let h(r) = 4*a(r) - 3*q(r). Let s be h(-8). What is the units d